(o) = j*u(o) + 2*w(o). Give a(1).
-2
Let q = 6 + -5. Let b = 1 - q. Suppose 4*s + s - 5*o = 10, b = 2*s + o + 8. Let v(x) = 3*x + 1. Calculate v(s).
-5
Let z(a) = -a**3 + 3*a**2 - 3*a + 2. Let l be z(2). Let k(c) = -2 + 2*c**2 - c + 10 - 7 - c**2. Determine k(l).
1
Let h(s) = -9 + 9 - s + 8. Calculate h(0).
8
Let n(i) be the first derivative of i**2 + 7*i + 1. Suppose -2*a - 1 = -6*a + 5*h, 2*a - h + 7 = 0. Determine n(a).
-5
Let q(h) = h**2 + 9*h + 8. Let p(f) = 12*f + 3. Let m be p(-1). Determine q(m).
8
Suppose 4*b + 5*u = 10, 0 = 3*b + u - 15 + 2. Suppose 13 = 4*w + b*j, -2*j + 3 + 9 = 5*w. Let z(d) = 1 + 5*d + d**w + 1 - 2. Give z(-5).
0
Let w = 3 - -1. Let t(n) = w*n - 2*n**2 - 1 - 2*n**2 - 6*n. Let d be (-1)/3*(1 - -2). What is t(d)?
-3
Let k(y) = 2*y**3 + 2*y**2 + 4*y - 1. Let q(v) = -3*v**3 - 3*v**2 - 5*v. Let a(m) = 4*k(m) + 3*q(m). Calculate a(-3).
11
Let m(g) = 3*g - 11*g - g**2 + 0*g**2 + g - 4. What is m(-7)?
-4
Let f(d) be the third derivative of 0 + 0*d**4 + 1/15*d**6 - 7*d**2 + 1/6*d**3 - 1/30*d**5 + 0*d. Let p be (-1 - 1)/(4/(-2)). Give f(p).
7
Suppose 4*p + 34 = 2*r, 2*r + 0 = -p + 4. Let x(u) = u + 1. What is x(p)?
-5
Let g(u) = -u**3 - 4*u**2 - u - 1. Let a(x) = -4*x**3 - 12*x**2 - 4*x - 3. Let j(l) = 2*a(l) - 7*g(l). Let d be 3/((-6)/(-10)) + -1. Calculate j(d).
-3
Suppose -2*m = j - 4 - 1, -4*m - 5*j = -25. Let x be 2*3/(-2) - m. Let v(u) = u**3 + 3*u**2 + u + 3. Calculate v(x).
0
Suppose -3*b - 5*n + 3 = -2, 0 = 3*b + 3*n - 9. Let t(s) = -s. Calculate t(b).
-5
Let d(b) = -2*b - 6*b**2 + 8*b**3 + 3*b - 6 - 11*b**3 + 2*b**3. Give d(-6).
-12
Let n(v) = -v**2 - 1. Suppose 6*j - 11*j + 3*x = 12, -4 = 4*j - x. Calculate n(j).
-1
Let z(o) = 2*o - 1. Let q be 50/15*(-6)/5. Let r(h) = -h**2 - 4*h + 2. Let b be r(q). Give z(b).
3
Let u(x) = -x**2 - 6*x - 6. Suppose 3*v - 5*h = 3, h = v - 0 + 1. Give u(v).
2
Suppose 5*c + 1 = 6*c. Let v(n) = -n**3 + n**2 - n. Calculate v(c).
-1
Let b(c) = 3*c + c**2 - 12*c - 3 + 8*c. Determine b(2).
-1
Let z be (-6)/18 - 10/(-3). Let f = 5 + -3. Let b(y) = -y**2 - 1 + f + 3 + 3*y. Give b(z).
4
Let m(c) = -c**2 - 19*c - 13. Let x be m(-18). Suppose 2*b = -3*b. Let f(w) = -3 + w - 2*w - w**3 + x + b*w**3. Calculate f(0).
2
Let z(d) = d. Let u = -120 + 123. Determine z(u).
3
Let t(b) = -b**3 + 2*b**2 + 4*b + 3. Let k(w) = 2*w - 1. Let i be k(3). Let f be (-6)/(-15)*-1*i. Calculate t(f).
11
Let z(m) = -m + 1. Let y be (168/(-16))/(2/4). Let o = -15 - y. Calculate z(o).
-5
Let k(f) = f**3 - 8*f**2 - f + 4. Let m be k(8). Let d(x) = x**3 + 3*x**2 - 4*x - 1. Calculate d(m).
-1
Let u(g) be the second derivative of g**4/12 - g**3/6 + 12*g. Determine u(0).
0
Let i(l) = 14*l**3 - 8*l**2 + 6*l - 2. Let x(n) = 5*n**3 - 3*n**2 + 2*n - 1. Let h(p) = 4*i(p) - 11*x(p). Give h(-2).
-5
Let d(q) = -q - 22. Let p(u) = -u - 15. Let k(m) = -5*d(m) + 7*p(m). Calculate k(7).
-9
Let t(v) = v**3 - v + 14. Let q be ((-2)/8 + (-21)/(-36))*0. Calculate t(q).
14
Let y(g) = 3*g - 2*g**3 - 3*g**2 + 0*g**2 + g - 5*g. Determine y(-2).
6
Let s(i) = -1 + 3*i - 106*i**2 + 108*i**2 - 1. Give s(-3).
7
Let s = 11 - 9. Let t(f) = -f + 5 - 3*f**3 + 3*f**s + 2*f**3 - 1. Give t(3).
1
Let b(z) = z**3 + 4*z**2 + 3*z. Let m be b(-2). Let o(x) = -5*x**m + 4*x - 7*x**2 + 13*x**2. Calculate o(-4).
0
Let k(z) = -3*z + z - 2*z. Let v(l) = -l**2 - l + 1. Let j(m) = k(m) - 2*v(m). What is j(2)?
2
Let z(d) = -7*d + 2. Suppose -3*m - 2 = 4. Give z(m).
16
Let l = 148 + -146. Let x(j) = 4*j - 3. What is x(l)?
5
Suppose -6 = -6*p + 12*p. Let f(n) = -5*n**3 + n. What is f(p)?
4
Let x = -6 - -9. Suppose -x*p - 20 = p. Let q(j) = 0 - j**3 - 4 - 4*j**2 + 0*j - 2 + 4*j. Give q(p).
-1
Let l(s) = -s**2. Let u(j) = -j**3 - 10*j**2 + 9*j - 22. Let g be u(-11). Calculate l(g).
0
Let j(d) be the first derivative of -d**2/2 - 2*d + 4. What is j(4)?
-6
Let h(l) = -l**3 - 8*l**2 - 7*l + 6. Let q be h(-7). Let w be 2/(-4)*(q - 0). Let t(v) = 0*v**2 - v**3 - 4*v - 6*v**2 + v**2. Calculate t(w).
-6
Let l(w) = -5*w**2 + 0 - 478*w**3 + 479*w**3 - 5. Calculate l(4).
-21
Let o(g) = -g**2 + 9*g + 15. Let d be o(11). Let b = 4 + d. Let r(v) = v + 3. What is r(b)?
0
Let x(r) = r**2 - 3*r + 2. Let m(z) = -z**2 - 5*z. Let d be m(-4). Determine x(d).
6
Let d(x) = -5 - 7*x + 6*x + 4 + 8*x. Give d(1).
6
Suppose 0 = 2*n + 4, -3*z + 4*n = 3*n - 8. Suppose z*f = -3*f. Suppose h + v - 19 = -4*h, f = -5*h + 3*v + 23. Let k(d) = -d**2 + 3*d - 4. Give k(h).
-8
Suppose -6 = a + 3*m, -2*a - m + 4 - 16 = 0. Let n = a - -5. Let w(z) = 7*z + 1. Give w(n).
-6
Let f(l) = -l**3 - 4*l**2 + 4*l + 3. Suppose -4*y + 49 = -3*g, 20 = -4*g + 3*g + 5*y. Let k be 2*1*g/6. What is f(k)?
8
Let w = 4 - 2. Suppose -w = u - 6. Suppose b + 15 = -u*b. Let n(p) = p**3 + 3*p**2 + 2*p + 4. What is n(b)?
-2
Let b(c) be the second derivative of 1/2*c**3 - 5/2*c**2 - 2*c + 0. Determine b(4).
7
Let s = -17 - -12. Let o(x) = 2*x + 4. Calculate o(s).
-6
Let q(g) be the third derivative of -g**7/1260 + g**6/720 + g**5/120 + g**4/8 - 2*g**2. Let w(f) be the second derivative of q(f). Give w(2).
-5
Let w(u) = -2*u**2 - 3*u - 4. Let j be w(-1). Let p(t) = 4*t - 9. Let m(x) = x - 2. Let z(a) = 9*m(a) - 2*p(a). Give z(j).
-3
Let z(q) = 7 + 0 - 8. Let i(x) = -2*x + 7. Let t(k) = i(k) + 3*z(k). What is t(3)?
-2
Let d(j) = 7*j. Let o(q) = -4*q. Let t(l) = -3*d(l) - 5*o(l). Give t(-5).
5
Suppose -3*r - 2*r + 10 = 0. Let d(b) = 0*b**2 - 3*b**2 - 2 + b**3 - b**2 + 0*b**r + 2*b. Give d(4).
6
Let f(l) be the first derivative of l**5/20 + l**4/12 + l**3/6 - 3*l**2 + l + 1. Let s(n) be the first derivative of f(n). Give s(0).
-6
Let l(d) be the second derivative of d**4/12 - 11*d**3/6 + d**2 + 58*d - 1. Calculate l(10).
-8
Let t(z) be the first derivative of -3*z**2 + z + 8. Give t(2).
-11
Let d(x) = 2*x + 5. Suppose -5*q - 11 = 14. Give d(q).
-5
Let k be 5*2*2/(-5). Let v(a) = -2*a + 2. Let c(h) = -1. Let p(s) = -2*c(s) - v(s). Give p(k).
-8
Let z(y) = -y**2 - 2*y. Let l(o) = 3*o**2 - 4*o - 4. Let b(f) = l(f) + 2*z(f). Give b(6).
-16
Let i(a) = -a**2 - a + 3. Let p = 3 + 1. Let v = 6 - 4. Suppose -2*s + 11 = 3*o + 3, 0 = v*o - p*s + 16. What is i(o)?
3
Let l(k) = -9*k**2 - 2*k**2 + 10*k**2 - k - 2. What is l(0)?
-2
Let i(w) be the second derivative of -w**4/6 + 2*w**3/3 - 9*w. Calculate i(3).
-6
Suppose 0 = -2*v + 5*v - 3. Let f(n) = v - n + 0*n + 3. Give f(5).
-1
Let b(f) = 7*f**2 + 12*f + 5. Let y(r) = 4*r**2 + 6*r + 3. Let h(k) = -3*b(k) + 5*y(k). Suppose 2*j - 3 = -a, -5*a + 3*a - 26 = -4*j. Calculate h(a).
5
Let c = -6 - -12. Let w(b) = b - b + 1 + c*b. Give w(-1).
-5
Let f(d) = d**3 + 6*d**2 + 6*d + 7. Let l(k) = -k**3 - 15*k**2 - k - 9. Let r be l(-15). Suppose g + g = 2*a - 18, r = -2*g - a. Calculate f(g).
2
Let c(w) = -3*w - 5. Let i(y) = -4*y**3 + y. Let u be 1*(-2 + 1)*-1. Let x be i(u). Let k = -7 - x. Give c(k).
7
Let d(b) = -2*b - 3. Let p be 2/4*(-15 + -1). Let i = p + 4. Give d(i).
5
Let o(j) = -j**2 + 4*j + 1. Suppose 38 = -4*f + 126. Let h = -13 + f. Suppose -1 = 2*k - h, 2*u + 5*k = 28. Give o(u).
1
Let g(f) = f**3 - f**2 - f - 10. Let t(v) = -v**3 + 10*v**2 + 11*v + 2. Let l be t(11). Let o(i) = l - 4*i + 5*i + 1. Let m be o(-3). Give g(m).
-10
Let k(m) = 3*m**2 + 1. Let a be k(-1). Let w(z) = 0 - 2*z + 4 + 1 - 3 - 1. Determine w(a).
-7
Let r be 0 + 19 - (-3 + 1). Let f be (4/(-3))/(14/r). Let n(l) = l**3 + 2*l**2 - l. Calculate n(f).
2
Let k(w) = -w**2 + 3*w - 4. Suppose 0*j - 5*g + 3 = -4*j, -5*j + 2*g + 9 = 0. Give k(j).
-4
Let p = -12 + 5. Let o(b) = -2 - 5 + b**3 + 7*b**2 + 3 + 11. Calculate o(p).
7
Let a(g) = g**3 + 7*g**2 + 6*g - 4. Let m = 7 - -7. Let o = -20 + m. Let c be a(o). Let h(i) = -i**3 - 5*i**2 - i + 4. Give h(c).
-8
Let s(g) be the second derivative of g**4/12 - g**3/3 + 17*g + 4. Let q(a) = -3*a**2 - 2*a - 1. Let y be q(-1). Calculate s(y).
8
Let q(z) = -4*z + 9. Suppose -5*f = -s - 32, 2*f + 2*s = -s + 23. Determine q(f).
-19
Suppose 5*p - d = 15, -2*p + 29 = 4*d - 9*d. Suppose 14 = -y - 3*n, 3*y - 2*n + p = -7. Let r(i) = i**2 + 6*i - 2. What is r(y)?
-7
Let m(n) = 3*n**2 + 5*n + 4. Let v(l) = -2*l**2 - 5*l - 5. Let k(d) = -3*m(d) - 4*v(d). Let w = -10 - -16. Determine k(w).
2
Let s(h) = 2*h - 5. Let m be 3*(5/3 + 0). Suppose 16 = -w + m*w. Suppose 17 = w*t - 3. Give s(t).
5
Let a(x) = 7*x -